late the remainder when z is divided by h.
25
Suppose 32 = 12*s - 100. What is the remainder when 29 is divided by s?
7
Let q(w) = w**3 - 2*w - 5. Let g be q(3). Suppose 0 = 5*m + 5*o - 190, 3*o - 63 - g = -2*m. What is the remainder when 137 is divided by m?
32
Suppose -8240*c + 8231*c = -864. Calculate the remainder when c is divided by 21.
12
What is the remainder when 2/(-20)*-148 + 8/(-10) is divided by 4?
2
Suppose 168 = 43*g - 22*g. What is the remainder when (1/(-2))/(7/(-434)) is divided by g?
7
Suppose -11*i = -91 + 14. Suppose 17 = 2*k + 3*d, k - 5*k + 5*d + 1 = 0. Suppose -k*q + 78 = 6. Calculate the remainder when q is divided by i.
4
What is the remainder when (7/(35/15))/((-3)/(-151)) is divided by (34/(-3))/((-2)/9)?
49
Suppose 0 = 5*d + 5, 98 = 5*i - 3*d - 865. Calculate the remainder when i is divided by 34.
22
Let k(b) = -b**2 + 26*b + 273. Calculate the remainder when k(30) is divided by 81.
72
Suppose 270 + 17 = 7*c. Suppose 5 = -5*t, 0 = 3*o - 0*o + 4*t - c. Calculate the remainder when 43 is divided by o.
13
Suppose 0 = 73*r - 76*r + 117. Suppose 8*u - 3*u = -4*t + r, -4*u + 28 = 3*t. Calculate the remainder when 54 is divided by t.
6
Suppose 5*x = -10, -4*h - 3*x = -x - 3776. Calculate the remainder when h is divided by 43.
42
Let h(q) = -6*q + 2. Let r = 32 + -45. Calculate the remainder when h(r) is divided by 27.
26
Suppose 0 = -5*n - w + 64, -4*n - 2 = 2*w - 52. Calculate the remainder when (-11)/(165/230)*(-3)/2 is divided by n.
10
Suppose 775 = 73*h - 174. What is the remainder when 158 is divided by h?
2
Let h be (8/6)/((-10)/465). Let o = 179 + h. What is the remainder when 19 is divided by 494/o - (-2)/(-9)?
3
Let r = 4 - 6. Let n(y) = -47*y - 31. What is the remainder when n(-2) is divided by r - (-72)/(0 + 3)?
19
Calculate the remainder when 150 is divided by ((-39)/(-3))/(2/10).
20
Let t = -15 - -70. Let o = -84 + 85. What is the remainder when t is divided by o/4 + (-6)/(168/(-805))?
26
Let h(k) = 2*k**2 + 63*k + 62. Let n be h(-32). Let t = 108 - n. Let z(g) = 3*g + 2. What is the remainder when t is divided by z(2)?
6
Let i = 9 - 6. Suppose -i = y, -y + 114 = 3*g - 2*y. Let l = g - 14. What is the remainder when l is divided by 6?
5
Let b = -97 + 102. Calculate the remainder when 3/3 - (-17 - 10/b) is divided by 12.
8
Let o(p) = 2*p - 13. Let d be o(11). Let g = -9 + d. What is the remainder when 15 is divided by g - -11 - (1 + 1)?
6
Let n = 7 + 2. Let o(x) = x**2 + 8. What is the remainder when o(4) is divided by n?
6
Let u(s) = -14*s - 22. Suppose b + 2*p = 11 + 2, -3*p = -3*b + 12. What is the remainder when u(-3) is divided by b?
6
Calculate the remainder when 9/2*30/3 is divided by 12/9*(-45)/(-6).
5
Suppose -10*h - 794 = -2614. Calculate the remainder when h is divided by 47.
41
Suppose 3*f - 91 = -10*f. Calculate the remainder when 33 is divided by f.
5
Let b = 7347 - 7340. Let i = 18 + 3. Calculate the remainder when i is divided by b.
0
Let v(b) = -9*b**3 - 4*b**2 - 4*b - 3. Let h be v(-4). Let a(i) = -5*i + 46. Let m be a(8). What is the remainder when (m/(-10))/((-7)/h) is divided by 12?
9
Let w(q) = 0 + 15 - 7*q - q**2 + 18*q. Let t be w(12). Suppose -5*h = t*r - 45 + 12, 0 = -3*r + h + 15. What is the remainder when 15 is divided by r?
3
Let o be 6/((-3)/(-1) - 2). Let m(v) = v**3 - 6*v**2 + v - 6. Let k be m(o). Suppose k = -x + 2*x - 26. Calculate the remainder when x is divided by 10.
6
Let n(c) = 56*c - c**3 + 51*c - 104*c + 3*c**2 - 3. Suppose 0 = j - 6*o + 2*o - 11, -5*o + 2 = 4*j. Calculate the remainder when 28 is divided by n(j).
4
Suppose -r = -5, 53 = 2*i - i + 5*r. Suppose 14*n - 11*n = k + 329, 4*k = -8. What is the remainder when n is divided by i?
25
Let r = -110 - -173. What is the remainder when r is divided by (-1)/(126/66 + -2)?
8
What is the remainder when 0 + (-8268)/(-48) + (-3)/12 is divided by 22?
18
What is the remainder when 105 is divided by 102/15*-1*(-15)/6?
3
Suppose 2*n - 20 = -2*n. Let v(y) = y - 2. Let q be v(n). Calculate the remainder when q + 43 + 3 - -2 is divided by 18.
15
Let y(m) = 3*m**2 - 8*m - 23. Calculate the remainder when 3/6*-2 - -83 is divided by y(5).
10
Calculate the remainder when 567 is divided by (-2)/19 + (-14700)/(-665).
17
Let w = 208 + -148. Let a be ((-704)/(-40))/4 + (-2)/5. Suppose -d + 3*d + 46 = 2*u, u - a*d = 29. What is the remainder when w is divided by u?
18
Suppose -3*z + 30 = 2*z. Suppose -z*t = -2*t. Suppose 2*y + 4*p - 36 = -t*y, 5*y - 3*p = 103. Calculate the remainder when 39 is divided by y.
19
Suppose -5*a + 10*a = 35. Let g = 84 + -57. Calculate the remainder when g is divided by a.
6
Suppose -12 = u - 4*u. Let i = -144 - -154. Calculate the remainder when i is divided by u.
2
Let u(w) = 7*w**2 + 13*w - 3. Calculate the remainder when 53 is divided by u(-3).
11
Let v(b) = 2*b**2 - 6*b. Let k be v(6). What is the remainder when (-17)/2*20/(-5) is divided by (3/6)/(1/k)?
16
Suppose 0 = 2*n + 4*o + 96, 4*n + 0*n = -4*o - 196. Let f = 74 + n. Let r = 39 - 26. Calculate the remainder when f is divided by r.
11
Let t = 391 - 362. What is the remainder when t is divided by 16?
13
Let x(p) be the third derivative of p**4/6 + 8*p**3/3 + 6*p**2. Let o be x(-4). Suppose o = -4*u + 3*u + 9. Calculate the remainder when 26 is divided by u.
8
Let k(b) = -4*b**3 - 2*b**2 + 11*b + 17. Let v(w) = 7*w**3 + 5*w**2 - 21*w - 33. Let g(i) = 5*k(i) + 3*v(i). What is the remainder when 77 is divided by g(-5)?
25
Suppose 2*n - 16*n = -126. Suppose 6*w - 86 - 10 = 0. What is the remainder when w is divided by n?
7
Let u(w) = 14*w - 15. What is the remainder when u(13) is divided by 13?
11
Let f = 27 - -33. What is the remainder when f/25*20/3 is divided by 6?
4
Suppose 0 = -3*h - 5 + 17. Suppose 4*z + 584 = 5*b, 344 = 3*b - h*z - 0*z. Calculate the remainder when b is divided by 31.
27
Let j(k) = k**3 - 8*k**2 + 13*k - 102. What is the remainder when 13 is divided by j(8)?
1
Let t(h) = -h - 10. Let j be t(-5). Calculate the remainder when ((-3)/j)/(5/525) is divided by 17.
12
Let g be (-32)/(-6) - 2/6. Suppose -g*n + 21 = -44. Suppose 5*y = -72 + 327. Calculate the remainder when y is divided by n.
12
Suppose 0 = 3*u + 9, 11*u - 9*u - 34 = -2*w. What is the remainder when 538 is divided by w?
18
Calculate the remainder when 1 + 6/(-6)*-193 is divided by 49.
47
Suppose 0 = 6*z - 246 + 84. Let f be (-9)/(z/6) + 38. Let r = -28 + f. What is the remainder when 21 is divided by r?
5
Let p = 1992 + -1972. What is the remainder when 138 is divided by p?
18
Let h(k) = 113*k**2 + 9*k + 20. What is the remainder when h(-2) is divided by 13?
12
Suppose -5*q = -o - 710, -5*q - o + 0*o = -710. What is the remainder when q is divided by 73?
69
Suppose 3*a = -3*z + 267, 4*z - 8*a - 3*a = 281. What is the remainder when 244 is divided by z?
76
Let v = -134 + 135. Suppose -2 = -3*x - 0*x - n, 4*x = 3*n - 6. Let a = 1 + x. Calculate the remainder when v is divided by a.
0
Calculate the remainder when (-3304)/(-308)*(-11)/(-2) is divided by 20.
19
Let b(f) = f**3 - 11*f**2 - 8*f - 16. Let g = 86 - 60. Let o = g + -14. Calculate the remainder when b(o) is divided by 18.
14
Suppose -3*w = 2*i - 10, 2*i = w + w + 10. Let r = i + -1. What is the remainder when 47 is divided by 2/r - 94/(-4)?
23
Suppose 24*k = 22*k - 420. Calculate the remainder when k/(-12) - (1/1)/2 is divided by 5.
2
Let a(y) = 8*y + 326. Calculate the remainder when 59 is divided by a(-35).
13
Suppose -3*q = 2*q - 60. Let g = -6 + q. What is the remainder when 34 is divided by 50/g - (-8)/12?
7
Suppose -3*h = 4 - 10. Suppose -x - h*x = 0. Suppose 2*p + 2 - 22 = x. Calculate the remainder when 29 is divided by p.
9
Let h = -1879 + 1906. Calculate the remainder when 1833 is divided by h.
24
Let o = -212 - -326. Suppose o = 5*z - 56. Let x = 313 + -301. What is the remainder when z is divided by x?
10
Suppose 0 = -2*v - 0*v + 42. Let a = v - -3. What is the remainder when 117 is divided by a?
21
Suppose 2*q - 508 = 2*r, -15*q + 494 = -13*q + 5*r. What is the remainder when q is divided by 43?
37
Let o(v) = 88*v + 12. Let x be o(-5). Suppose -3*s + 53 = 5*k, -4*s = -s + 3*k - 45. What is the remainder when 6/(x/(-104) - 4) is divided by s?
8
Suppose 3*a + 4 = -2. Let y = 3 - -8. Calculate the re